f 33 and q?
3
Let v(l) = -7*l**2 - l + 6. Let t(s) = 14*s**2 + 3*s - 13. Let m(q) = -3*t(q) - 7*v(q). Let j be m(-1). Calculate the greatest common divisor of 18 and j.
6
Suppose -2*m - 5*r + r + 36 = 0, 83 = 5*m + 3*r. Let l be -13 + -5 + 5 + 77. What is the greatest common divisor of m and l?
16
Suppose 0 = 4*s + j - 159, 0*j + 2*j - 158 = -4*s. Let i = -111 + 94. Let a = 33 + i. Calculate the highest common divisor of a and s.
8
Let x be ((-3050)/30)/(1/(-6)). Let j be (-1)/((-2)/(-4)) + 4. Suppose 6*u + 3*n = j*u + 486, 5*u + 5*n = x. What is the greatest common divisor of u and 15?
15
Let z be (-15)/20 - 1/(-8)*-2. Let i be 3/1 - -2 - (1 - z). Let j be 21 + (0 - 1 - -4). Calculate the greatest common factor of j and i.
3
Let b = 17 - 6. Suppose -218 = -b*n + 57. Let i = 1 + 4. What is the greatest common divisor of i and n?
5
Let w(p) = -3*p**2 - 62*p + 289. Let j be w(-23). Calculate the highest common factor of j and 304.
16
Suppose 0*l - 2*l = -28. Let x = -70 + 125. Suppose h = x + 15. What is the highest common factor of l and h?
14
Let w be (-16)/((-10)/5) - 4. Let j be w - (0/5 - 76). What is the greatest common factor of 20 and j?
20
Suppose 5*p + j - 24 = 0, -73*p + 77*p = -2*j + 24. Suppose 0*i - 3*i - 45 = 0. Let r be ((-6)/i)/((-1)/(-5)). What is the greatest common divisor of p and r?
2
Suppose 56*k + 54 = 57*k. Calculate the highest common divisor of 81 and k.
27
Let s be (-3654)/(-231) - (-2)/11. Calculate the greatest common factor of s and 20.
4
Let r(n) = -86*n + 66. Let p be r(-4). What is the greatest common factor of p and 246?
82
Suppose u + u - 3*v = 28, 2*v = -3*u + 68. What is the greatest common divisor of u and 170?
10
Let z(p) = -p**3 - 10*p**2 + 5*p - 16. Let u be z(-11). Calculate the greatest common factor of u and 810.
10
Let t = 6 + -2. Let z be ((-3)/t)/(1/(-80)). Let f(r) = r**2 - 6*r + 24. Let w be f(6). What is the highest common factor of z and w?
12
Suppose 0 = -2*p - 3*h + 115, 233 = p + 3*p + 3*h. Suppose -o + 3*t = -t - 8, -p = -3*o + 5*t. Calculate the highest common divisor of 42 and o.
14
Suppose -6*g - 4*b = -3*g - 26, 0 = g - 3*b + 13. Suppose 27 = g*r - 129. What is the highest common divisor of 117 and r?
39
Let t(i) = -i**3 + 5*i**2 + 10*i - 4. Let k be t(5). Calculate the greatest common factor of 1334 and k.
46
Suppose 570 = 3*w + 7*w. Calculate the greatest common divisor of w and 228.
57
Let q = 13 - 27. Let m = -8 - q. Calculate the highest common factor of m and 3.
3
Let n(w) = 3*w**2 - 9*w - 4. Suppose -3*v - v - 8 = p, -5*p + 5*v = -35. Let y be n(p). What is the greatest common factor of y and 48?
8
Let x(w) = -w**3 - 9*w**2 + 3*w + 14. Let s be x(-7). Let t = s - -144. What is the highest common factor of 65 and t?
13
Let r be (3 - 1*-272) + -7. What is the greatest common factor of 8 and r?
4
Suppose -w - o = -3*w + 980, 3*o = 2*w - 980. Suppose -8*r + w = -14. What is the highest common factor of r and 7?
7
Suppose 2*b + 52 = -3*v, -v = b + 18 + 6. Let o = 165 + b. Calculate the greatest common factor of 58 and o.
29
Let h = 53 + -34. Suppose -2*r + 4*j = -28, 3*r - 3*j = 10 + 17. Suppose -3*s + 134 + 69 = 5*c, -r*s = -c - 309. What is the highest common divisor of s and h?
19
Let k = 310 + -186. Suppose -5*o - k = -4*w + 211, -3*w - 5*o = -225. Calculate the highest common factor of w and 60.
20
Let s = 111 + -75. Let l = -63 + s. Let d be 2 + (-6)/2 - l. Calculate the highest common factor of 39 and d.
13
Suppose 0 = -15*k + 154 - 109. Calculate the greatest common divisor of k and 27.
3
Suppose -k + 3*s = -s + 14, s - 11 = 4*k. Let f = 16 + -7. Let r = f + k. Calculate the greatest common divisor of r and 42.
7
Let b = -44 - -19. Let m = 55 + b. Suppose -2*r - 2 = -26. What is the highest common divisor of m and r?
6
Let z = 27 + 15. What is the greatest common factor of 434 and z?
14
Let g(z) = -152*z - 57. Let t be g(-5). Suppose 8*v = 2071 - t. Let h be 19*1 - 0/(-3). What is the greatest common factor of h and v?
19
Suppose -333 = 7*d + 101. Let s = d - -74. Suppose 3*p - 153 = -2*k, -p = -4*k - 3*p + 294. What is the greatest common factor of k and s?
12
Let a = 2 + -12. Let y be 2/(-5) - 594/a. Let m = y + -33. Calculate the greatest common divisor of 208 and m.
26
Let j = 418 + -370. What is the greatest common factor of j and 132?
12
Suppose j = -3*x + 81, 4*x = -0*x. Calculate the highest common factor of 351 and j.
27
Suppose 558 = -9*m + 2934. Calculate the highest common divisor of 33 and m.
33
Let f(l) = l**3 + 10*l**2 + 8*l - 3. Let m be f(-7). Let i be (0 + -2)/((-4)/16*1). Calculate the highest common factor of i and m.
8
Let w(j) = -j**3 - 23*j**2 - 33*j + 33. Let p be w(-22). What is the greatest common divisor of p and 33?
11
Let z be -2 + (-2842)/(-21) + 8/(-6). Calculate the greatest common divisor of 165 and z.
33
Let y be ((-10)/(-6))/(16/(-2352)). Let h = y + 520. Calculate the highest common factor of h and 25.
25
Let r(z) be the first derivative of z**3/3 + 19*z**2/2 - 22*z + 3. Let x be r(-9). Let h = x - -189. Calculate the greatest common divisor of 7 and h.
7
Let n be 34*(2*(-1)/2 + 2). What is the greatest common factor of 357 and n?
17
Let p(h) = 2*h**2 + 21*h + 11. Let t be p(-10). Let k be 105*6/9 - (-1 - t). Calculate the highest common divisor of 8 and k.
8
Suppose 0 = 3*p + 15, 0*l = -3*l - 5*p + 410. Suppose l - 529 = -16*r. Calculate the highest common divisor of r and 16.
8
Let y = 97 - 115. Let z = 41 + y. What is the highest common divisor of 184 and z?
23
Let p = -3413 + 3434. Suppose 0 = 2*w - 33 - 9. Calculate the greatest common factor of w and p.
21
Let p = 1087 - 1083. Calculate the greatest common divisor of p and 1076.
4
Let f be 3/6 + (-10)/(-4). Suppose 5*r + f = 33. Suppose -54 = -7*y + 6*y. What is the highest common divisor of y and r?
6
Let y(n) = -n**3 + 6*n**2 + n - 5. Let w(k) = k**3 + 5*k**2 + 4*k + 6. Let d be w(-4). Let g be y(d). What is the highest common divisor of 1 and g?
1
Suppose 47*n - 3*m - 87 = 43*n, -108 = -5*n + 3*m. Calculate the greatest common divisor of 7 and n.
7
Suppose 0*i - 4*i + 27 = g, -3*i - 3*g = -27. Let v be i/8 - 637/(-52). What is the greatest common factor of v and 117?
13
Let f = -138 - -10. Let v = -82 - f. What is the greatest common factor of 69 and v?
23
Let i = 11 - 8. Suppose 0 = -0*p + i*p - 258. Suppose -5*n = -2*b - 13 - 195, -2*n = 2*b - p. Calculate the highest common divisor of 7 and n.
7
Let d be 7 + (-1)/(4 + (-27)/6). What is the highest common factor of d and 24?
3
Let b(d) = -13*d - 21. Let y be b(-5). Let o = -4 + 4. Let l be (-2)/(-6)*o - -110. Calculate the highest common divisor of y and l.
22
Let z be (4/3 + -1)/((-4)/(-84)). Suppose -z*s = 7*s - 42. Calculate the highest common factor of s and 2.
1
Let q be 90/24 - (-6)/(-8). Suppose 77 + 130 = q*z. Calculate the highest common divisor of z and 23.
23
Let h be 2*(-10)/(-60)*(-24)/(-1). What is the greatest common factor of 520 and h?
8
Let s be (-38)/(-5) - 8/(-20). Suppose -8*y - 3*y = -968. What is the highest common divisor of s and y?
8
Suppose -i - 5*q = -315, 7*i - 5*q + 1215 = 11*i. What is the greatest common divisor of 80 and i?
20
Let h(d) = 2*d**2 + 1 - 1 + d + 0. Let p be h(3). Let s be ((-196)/p)/((-4)/18). What is the greatest common divisor of 6 and s?
6
Suppose n + 97 - 154 = 0. What is the highest common divisor of 152 and n?
19
Let k be 4 + (-18)/((-3)/(-117)*-2). Calculate the highest common divisor of 71 and k.
71
Let u(y) = -31*y - 239. Let q be u(-14). What is the greatest common divisor of q and 60?
15
Let l(s) = s**2 + 7*s + 12. Let o be l(6). Let a be 5 - 7*o/(-6). Calculate the highest common factor of 165 and a.
55
Let a = 1716 - 1704. Calculate the highest common divisor of 20 and a.
4
Let y(w) = -w**3 - 10*w**2 + 10*w. Let c be y(-13). What is the greatest common factor of 26 and c?
13
Suppose 28*r - 24*r - 28 = 0. What is the highest common divisor of r and 1211?
7
Let a = 3 + -1. Suppose -a*m = 5*u - 477, -6*m = -u - 3*m + 92. Let o = 76 - 38. What is the highest common divisor of u and o?
19
Let r(w) = 0*w**3 + 1 - 6*w**2 + 8*w**2 + w**3. Let d be r(-2). Suppose 3*b - 4*l = 66, -4*l - 13 + d = 0. Calculate the greatest common divisor of 18 and b.
18
Suppose -3*n + 8*p + 56 = 